-20 - 30. Calculate the remainder when 19 is divided by r.
9
Let r(f) = f**2 - 3*f**2 + f**3 - 5*f + 0*f**3 + 1 + 5*f**2. Calculate the remainder when 7 is divided by r(-4).
2
Let t = -3 - -14. Let r(o) = 2*o + 1. Let a be r(2). Suppose -a = -2*b + 7. Calculate the remainder when t is divided by b.
5
Suppose 0 = 2*r + m - 90, 4*r = 3*m - 58 + 248. Suppose -5*v + r = 1. What is the remainder when v is divided by 5?
4
Let i(f) = 7*f**2 - f - 2. Suppose -4*q - 23 = 5*w - 10, q - 4*w - 2 = 0. Calculate the remainder when i(q) is divided by 16.
12
Suppose 0 = -0*x + 4*x + 2*o - 10, 0 = 3*x - o - 20. Let q = -1 + 4. Calculate the remainder when x is divided by q.
2
Let z be -1 + 2*4/8. Suppose -t = 3*r - 45, z = -4*t - 0*r - r + 136. Calculate the remainder when 130 is divided by t.
31
Let f be ((-3 - 0) + 3)/(-1). Suppose f = -3*s + 4*w + 135, 5*s = 5*w + 76 + 149. Let h = -26 + s. Calculate the remainder when h is divided by 10.
9
Let u = 21 - 5. What is the remainder when 78 is divided by u?
14
Suppose 2*r - 3*u + 2 = 27, 5*r + 2*u = 15. Suppose n = r + 7. Calculate the remainder when 46 is divided by n.
10
Let z(f) = f**2 - 2*f. Let a = 17 + -51. Let q = 56 + a. Calculate the remainder when q is divided by z(-2).
6
Let y = 395 - 282. What is the remainder when y is divided by 19?
18
Suppose 0 = 4*g + 3*n - 100, 2*g - n = 47 - 7. Let q be ((-18)/7)/(3/(-14)). Let y(x) = -x**2 + 12*x + 8. Calculate the remainder when g is divided by y(q).
6
Let d = 12 - 18. Let s(i) = -i**3 - 5*i**2 + 6*i - 3. Let y be s(d). Let f(g) = -2*g + 1. What is the remainder when 26 is divided by f(y)?
5
Let k = 53 - 31. What is the remainder when 85 is divided by k?
19
Let g be ((-24)/3)/((-4)/10). Let k(f) = 3*f + 10. What is the remainder when k(8) is divided by (2 - (-1 + 5)) + g?
16
Let i(n) = 3*n - 14. What is the remainder when 15 is divided by i(6)?
3
Suppose -k + 3 = -4*k. Let x = 4 - -14. Calculate the remainder when x is divided by (-3)/(k/((-20)/(-6))).
8
Suppose 2*g + 4*q = -102, -q + 0*q - 168 = 3*g. Calculate the remainder when -2 + 0 - -5 - g is divided by 21.
18
Suppose -6 - 12 = -2*g. Suppose 3*w = 3, 2*v + 0*w - 5*w - 11 = 0. Let x = v - -9. Calculate the remainder when x is divided by g.
8
Suppose 5*r = -r + 36. Suppose s + 25 = r*s. What is the remainder when 14 is divided by s?
4
Calculate the remainder when 17 + 1*(-3)/1 is divided by 8.
6
Calculate the remainder when 36 is divided by 80/(-48)*3*-2.
6
Let h(o) = -o**3 + 8*o**2 + o - 6. What is the remainder when h(5) is divided by 19?
17
Suppose -o = -3*h + 483, -2*h + 2 = -2*o - 324. Suppose m - 6*m + h = 0. Calculate the remainder when m is divided by 17.
15
Suppose 2*z = -2*z + 108. Calculate the remainder when z is divided by 5.
2
Suppose -2*w + 66 = w. Suppose 0 = -r + 11 + 23. Suppose -3*y = -4*s - 5*y + r, -2*y = -4*s + w. Calculate the remainder when 19 is divided by s.
5
Suppose -4*k = 61 - 249. Suppose -z = -4*z + 48. Calculate the remainder when k is divided by z.
15
Let u(s) = 9*s - 39. What is the remainder when 26 is divided by u(6)?
11
Let i(c) = -c**2 - 19*c - 5. Let q(u) = -2*u**2 - 6*u. Let k be q(-4). What is the remainder when i(k) is divided by 21?
20
Let q be (2/(-2))/((-2)/6). Suppose -4*u + 41 = -0*m + q*m, -2*u + 15 = m. Calculate the remainder when 7/3*9/1 is divided by m.
10
Let z(l) = l**2 - 5*l + 8. Calculate the remainder when z(4) is divided by 1.
0
Suppose -3*c + 3*t = -66, 3*c + 4*t = -c + 128. Let r(o) = 26*o**2 + 2*o - 3. What is the remainder when r(2) is divided by c?
24
Suppose 29 + 26 = 5*o. Calculate the remainder when 42 is divided by o.
9
Calculate the remainder when 24 is divided by (13/2)/(3/6).
11
Let g(y) = -4*y - 14. Calculate the remainder when g(-13) is divided by 13.
12
Suppose -19 = -3*h + 2. Calculate the remainder when h is divided by 7.
0
Suppose 0*l = -3*l + 45. Calculate the remainder when 56 is divided by l.
11
Suppose -r + c - 14 = 4*c, -r - 10 = c. Let o(f) = -2*f - 2. Calculate the remainder when 1/(-3)*(r + 2) is divided by o(-2).
0
Let g = 10 - -11. Calculate the remainder when 61 is divided by g.
19
Let b = 14 + 2. Calculate the remainder when b is divided by 9.
7
Suppose -4*i = 3*s - 224, 41 - 171 = -2*i + 3*s. Calculate the remainder when i is divided by 10.
9
Let n(z) = 39*z**2 + z - 2. Let d be n(2). What is the remainder when ((-2)/(-4))/(6/d) is divided by 5?
3
Suppose 3*z - 80 = z. What is the remainder when z is divided by 21?
19
Let a be (6/(-2))/(2/(-26)). Suppose 72 = 3*l - a. Calculate the remainder when l is divided by 13.
11
Let k(u) = -u**2 - 30*u - 12. What is the remainder when 129 is divided by k(-29)?
10
Suppose 2*h - 36 + 6 = -4*u, h - 43 = 5*u. Calculate the remainder when 67 is divided by h.
21
Suppose -4*p = -6*p, 0 = -4*q - p + 12. What is the remainder when 49 is divided by q/(-5) + 272/20?
10
Suppose -3*q + 44 = q + 3*w, -28 = -2*q - 3*w. What is the remainder when 22 is divided by q?
6
Let g be (3 + (-5)/(-1))*2. Let f = 39 - g. Let k = -7 + 15. What is the remainder when f is divided by k?
7
Let l = 0 - -3. Suppose 2*k = -l*a + 31, k = 6*k + 4*a - 74. What is the remainder when 53 is divided by k?
11
Suppose 3*p - 4*s = -p + 12, 13 = 5*p - 3*s. Let w = 5 + -2. Calculate the remainder when w is divided by p.
1
Let w(r) = 2*r + 4. Let p be w(-5). Let o be (0 - (-3)/6)*22. Let v = p + o. Calculate the remainder when v is divided by 3.
2
Let k = -73 + 144. What is the remainder when k is divided by 36?
35
Suppose 2*v - 3*i = 26, i + 0 = -4. What is the remainder when 19 is divided by v?
5
Let w(y) = y + 10. Let u be w(-7). Suppose 17 + 1 = -u*a. What is the remainder when 5 is divided by (a/(-5))/((-6)/(-15))?
2
Let j(y) be the third derivative of 7*y**5/20 - y**4/24 - y**2. Let z = -3 - -2. What is the remainder when j(z) is divided by 8?
6
Let d be 2/(-6) + 14/6. Suppose -d*y + 180 = y. Suppose 0 = -0*a + 5*a - y. What is the remainder when 34 is divided by a?
10
Suppose -225 = -4*v - 73. Let s = -19 + v. Suppose -4*j = 8, r + 0*j = -4*j + s. What is the remainder when r is divided by 14?
13
Let k be (-21)/(-4)*(-56)/(-3). Let j = -67 + k. What is the remainder when j is divided by 16?
15
Let r = 113 - 80. What is the remainder when 98 is divided by r?
32
Calculate the remainder when 35 is divided by 1/(-4) - 25/60*-15.
5
Suppose -31 + 8 = -b. Calculate the remainder when b is divided by 4.
3
Let b be (-1)/((2 - -1)/3). Let w be (-4)/2 - (b + -1). Let u = 6 - w. Calculate the remainder when 17 is divided by u.
5
Suppose l = -2*t + 10, -5 = -t + l - 3. What is the remainder when 19 is divided by t?
3
Suppose 5*l + 0*c + 2*c = 16, -5*l - 5*c = -25. Suppose l*z = 4*w - 2*z - 100, 46 = 2*w - z. What is the remainder when w is divided by 8?
5
Suppose -2*w + 2 = -118. Suppose 0*m + m - 66 = -3*r, 0 = 3*r + 3*m - w. What is the remainder when 45 is divided by r?
22
Suppose 116 = 5*n + q, 36 = 2*n + q - 11. Calculate the remainder when 43 is divided by n.
20
Suppose 16 = 5*g - 19. Calculate the remainder when 11 is divided by g.
4
Suppose 0 = b - 3 - 5. Let z(x) = 10*x + 2. Let u be z(4). Suppose -r = -4*r + u. What is the remainder when r is divided by b?
6
Suppose 4*j = 3*u - 2*u + 14, 3 = -j - 3*u. What is the remainder when 9 is divided by j?
0
Let o(c) = -c**3 - 5*c**2 - 3*c - 12. What is the remainder when 14 is divided by o(-5)?
2
Suppose -5*y = 2*r - 172, 2*y - 5*r + 39 = 3*y. What is the remainder when 100 is divided by y?
32
Let v(a) = a - 4. Let z be v(-4). Let x = z - -15. Let i = -5 + x. What is the remainder when 3 is divided by i?
1
Suppose -40 = -4*u - 0*l + 4*l, 0 = u + 2*l - 10. What is the remainder when u is divided by 8?
2
Suppose -4*r + 68 = -0*r. Calculate the remainder when r is divided by 6.
5
Suppose 5 = -4*o + 17. Suppose -d = o*i - 38, -2*d - i = -d - 38. Calculate the remainder when d is divided by 13.
12
Suppose 3*j + 5 = 2*j. Let l = j - -4. What is the remainder when 25 is divided by (-26)/(-6)*(-3)/l?
12
Suppose -t = 5*k - 205, 2*k - 3*k - 4*t + 22 = 0. Calculate the remainder when k is divided by 15.
12
Suppose -8*a + 40 = -12*a. What is the remainder when (-114)/(-4) - 5/a is divided by 15?
14
Suppose 3*s = 4*h - 3 - 11, -3*h = 3*s. Suppose -5*v = 4*p - 101, 0 = -2*p + 5*v - 3 + 1